-1)/2. Let s(z) = h*i(z) + 3*n(z). What is s(-4)?
-4
Suppose -25 = i - 29. Suppose 4*s = -4*l - i, 15*l = 5*s + 12*l - 27. Let z(m) = m**3 - 3*m**2 - 4*m + 3. Give z(s).
-9
Suppose 0 = -2*k + c + 15 - 6, 4*k = -3*c + 13. Let t(x) = 4 + 13 + k*x**3 - 16 + 0*x**2 - 5*x**2 - 3*x**3. Suppose -3*z + 6 = -9. Give t(z).
1
Let z(j) = -2*j**2 + 238*j - 433. Let x(s) = -39*s + 71. Let m(y) = -61*x(y) - 10*z(y). Let l be 5*(-1 + (-7)/(-5)). Suppose 6*o - 4*o = -l. Calculate m(o).
20
Let d(f) be the first derivative of f**4/12 - 5*f**3/3 + 3*f**2/2 + 71*f + 5. Let n(c) be the first derivative of d(c). Give n(9).
-6
Let i(b) = -284*b + 2*b**2 - 2 + 95*b + 95*b - 3*b**2 + 90*b. Give i(-5).
-7
Let s(b) = -29*b**2 + 13*b + 34. Let p(m) = -35*m**2 + 19*m + 31. Let i(r) = -5*p(r) + 6*s(r). What is i(3)?
7
Let q(k) = -k**2 - 5*k + 19. Let g be q(-7). Let n(a) = 2*a**2 + 4 - 3*a**2 + 0 + g*a + 3. Give n(5).
7
Let n(c) = -c - 3. Let l(a) = a + 2. Let s(v) = -4*l(v) - 3*n(v). Let h(r) = r**2 - 3*r + 3. Let z(y) = -h(y) + 3*s(y). Let o = 125 - 123. Determine z(o).
-4
Suppose 4*y + 157*w - 19 = 156*w, 8 = -2*y - 4*w. Let x(h) = 45*h - 266. Give x(y).
4
Let p(c) be the second derivative of -c**5/60 + 5*c**4/24 - c**3/2 - 91*c**2/2 - 24*c - 2. Let i(v) be the first derivative of p(v). Determine i(5).
-3
Suppose -5 - 38 = -5*v + t, 28 = 2*v - 4*t. Let l(k) = -v*k**2 - 27 + 62 - 36 + 2*k. Let q = -22 + 23. Determine l(q).
-7
Suppose -87 = -11*l + 1. Let w(y) = 2*y - l*y - 5*y + 14*y - 28. What is w(11)?
5
Let h(d) be the third derivative of -d**5/30 - 3*d**4/4 + d**3 + 11778*d**2. What is h(-10)?
-14
Let s(u) = u**2 + 4*u - 3. Suppose -5*w + 2*j + 25 = 0, 4 + 1 = w + 4*j. Suppose -2*x - 3*m = -4*m + 74, 3*x + 111 = w*m. Let a = x + 31. Calculate s(a).
9
Suppose j - 2*s = 2*j + 2, -j = -2*s - 6. Suppose p - 4*o = -15, 3*o = -p - j*p - 90. Let z = p + 25. Let q(t) = 4*t**2 - t. Determine q(z).
18
Let t(q) = q**2 - 22*q - 21. Suppose 3*g + 5*c - 44 = 0, -13*g + 28 = -12*g + 5*c. Let r be g/(-12) + 497/21. Give t(r).
2
Let u be (-110)/(-10) - (-41 + 3). Suppose -3*r - 2 = 3*k + 7, -2*r = -5*k + 20. Let a(n) = -1 - 2*n - 51*n**3 + 4*n**k - 1 + u*n**3. Calculate a(2).
-6
Let g(p) be the second derivative of 13*p - 3/2*p**2 + 1/3*p**3 + 5. Give g(4).
5
Let j(p) = -p**2 - 26*p + 235. Let h be j(-33). Suppose h*f + 13*x - 9*x = -20, f = 5*x + 25. Let s(a) = 5*a - 11. What is s(f)?
-11
Let h = 20078 - 20076. Let g(x) = -5*x**2 - 4*x + 9. Determine g(h).
-19
Let i(o) = 3*o - 3 - 8*o - 5*o + 5*o. Let g(z) = -z**2 - z - 2. Let w be g(-2). Calculate i(w).
17
Let r(i) = -4*i - 33. Suppose 2*g - 68 = 4*m, 5*m = -14*g + 13*g - 57. Give r(m).
19
Let z(f) = 3*f + 85. Let b be ((-45)/(-15))/(-2 - 245/(-130)). Calculate z(b).
7
Let t(r) = 23*r**2 - 574*r - 24. Let g be t(25). Let j(k) = 75*k**3 + k**2 + k. Give j(g).
77
Suppose 5 = 3*l - 7. Let c(p) = 95 + l*p - 95. Let r be 2/8 + 34/(-8). Determine c(r).
-16
Let m = -21620 + 21625. Let l(k) be the first derivative of -k**4/4 + 5*k**3/3 - k**2 + 5*k + 2. Give l(m).
-5
Let b(p) = -6*p**3 - 37*p**2 - p - 16. Let k(l) = -2*l + 187*l**2 - l**3 + 2*l - 3 - 194*l**2. Let c(t) = 2*b(t) - 11*k(t). Give c(3).
-5
Let t be ((-77)/(6 + -17))/(5 - (6 + 0)). Let g(z) be the second derivative of -z**3/6 - 9*z**2/2 - z. What is g(t)?
-2
Let v(i) = 8*i - 1. Let a be 0/3 - (-4 + 2). Suppose -a = -28*r + 110. Calculate v(r).
31
Let j(l) = -4*l**2 + 11*l - 5. Suppose 409 = -24*z + 481. Calculate j(z).
-8
Suppose -a + 6*k = 9*k + 8, 4*a - 38 = 2*k. Let n(r) = -r**3 + 7*r**2 + r - 5. Determine n(a).
2
Let b(m) = 3*m**3 + 19*m**2 + 8*m + 155. Let o be b(-7). Let f(s) = 8*s**3 + s. Determine f(o).
9
Let v(s) = s**3 - 7*s**2 - 2*s + 10. Let o(l) = -4*l - 66. Let p be o(-18). Calculate v(p).
-38
Let v = -3533 - -3527. Suppose 5*j - 14 = 4*m, -3*m = 5*j - 10 - 32. Let t(l) = -1 - 3*l**3 - j*l**2 + 2 + 0*l**2 + 2*l**3 + l. Determine t(v).
-5
Let m = -3 + 0. Suppose 2*w - 15 = -3*l, 2*w - 9 = 5*l + 46. Let j(t) = 0 + 2 + w*t - 14*t - 3 - 5*t. What is j(m)?
11
Let f(z) = 3*z - 22. Let w be f(11). Suppose 4*r - 9 = w. Let h(c) = 2*c + 4*c**2 + 4 - 6*c**2 - c + 5*c. Give h(r).
-16
Let c(x) = x**3 - 6*x**2 + 4*x + 3. Let o be (-3)/(4 + ((-5)/(-10) - 4)). Let w = -1 - o. Calculate c(w).
-2
Let c(d) = d**3 - d**2 - d + 108. Let w be c(0). Let j(z) = -9*z**3 + z**3 - 3*z**3 + 107*z**2 - w*z**2. Determine j(1).
-12
Let r(y) = 4*y - 2. Let l = -2420 - -2419. Determine r(l).
-6
Let g(l) = -9222842*l - 18 + 9222730*l - 321. Calculate g(-3).
-3
Let j be 10*(-2)/((110/4)/(-11)). Let m(i) = j*i**2 + 4*i - 7*i**2 + 164 - 160. Let k(q) = -q**2 + q + 2. Let d be k(-2). Give m(d).
4
Let g(z) = -7*z**2 + 12*z + 5. Let d(i) = 3*i**2 - 5*i - 2. Let s(r) = 5*d(r) + 2*g(r). Let p(u) = 10*u**3 + 2*u**2 - u. Let b(y) = p(y) - s(y). Calculate b(1).
11
Suppose 25 = -0*i + 2*i - 3*b, -39 = -3*i + 6*b. Let q(x) = x**2 - 13*x + 16. What is q(i)?
-6
Suppose -3*i - 404 = -c - 5*i, c - 411 = 5*i. Let g = -408 + c. Let a(n) = n**2 + 3*n + 5. Determine a(g).
3
Let v(o) be the third derivative of o**5/60 + 23*o**4/24 + 25*o**3/3 - 2*o**2 + 593. Give v(-17).
-52
Let x(d) be the third derivative of -d**6/360 - d**5/60 + d**4/12 + 8*d**3 + d**2 - 13*d. Let g(i) be the first derivative of x(i). Calculate g(-3).
-1
Suppose 496 + 116 = -301*q - 291. Let m(a) = 1. Let r(i) = -3*i - 4. Let n(w) = 4*m(w) + r(w). Give n(q).
9
Let s(g) = g**3 - 10*g**2 + 11*g - 19. Suppose -61*u - 108 = -73*u. Determine s(u).
-1
Let h(c) = 2*c + 57. Let d(z) = -7*z - 185. Let p(l) = d(l) + 5*h(l). Give p(-30).
10
Let i(l) = 17 - 18 + 268*l - 208*l - 64. Determine i(1).
-5
Let k be ((-36 - 10) + 4)/(1*-2). Let c(r) = 22*r - 3 - 3*r - k*r. Give c(6).
-15
Let f(p) = -400 + 151 + 221 - p**2. Give f(0).
-28
Suppose 2*m - 2*r - 94 = 0, r - 4 + 7 = 0. Let p = m - 38. Let h(g) = g - 4. Give h(p).
2
Let l = 14 + 19. Let r = 2 - l. Let p = r - -26. Let a(h) = h**2 + 6*h + 6. Give a(p).
1
Let o(b) = 4*b**2 - 20*b + 489. Let a(j) = 10*j**2 - 50*j + 1222. Let y(s) = 5*a(s) - 12*o(s). Let k(z) be the first derivative of y(z). Determine k(6).
14
Let v(f) = -3*f + 6. Let h(j) = 4*j - 7. Let d(z) = 4*h(z) + 5*v(z). Let u(o) = 3 - 8*o + 16 - 85 - 4*o. Let p be u(-6). What is d(p)?
8
Let u(z) = 4*z + 1. Let x(h) = -2*h**3 + h**2 + h - 2. Let y be x(1). Calculate u(y).
-7
Let r(d) = -2*d**2 + 2567*d - 7678. Let f be r(3). Let i(w) = 3*w**2 + 15*w - 2. Let c(h) = -4*h**2 - 16*h + 1. Let o(n) = -5*c(n) - 6*i(n). Determine o(f).
7
Suppose 2*g + 7 = 9. Let r(h) = 2*h**3 - h**2 - h + 2. Let t be r(g). Let b(x) = -x**2 - x + 1. Calculate b(t).
-5
Let i(x) = 1160*x + 9279. Let s be i(-8). Let n(m) = 36*m**2 - 18*m - 17. Determine n(s).
37
Let q(f) = 7*f**2 - 2*f + 1. Suppose 0 = p + 2*y + 6, 5*p = 2*y - y + 3. Suppose p = -4*w - 49 + 17. Let c(a) = 5*a + 41. Let i be c(w). Calculate q(i).
6
Let u(s) = -3*s**2 + 6*s + 10. Let w(q) = -8*q**2 + 18*q + 24*q**2 + 31 - 26*q**2. Let v(d) = -7*u(d) + 2*w(d). What is v(8)?
8
Let g = -229 + 231. Let a = -1 + 185. Let h(o) = g + 97*o - a*o + 91*o + 3*o**2. Give h(-2).
6
Let a(v) = v**3 + 3*v**2 + 5*v + 5. Let p(z) = -22*z**2 - 158*z - 30. Let f be p(-7). Give a(f).
-1
Let q(i) = 5*i**3 - 6*i**2 + 5. Let b(c) = -7*c**3 + 7*c**2 - 5. Let n(v) = 2*b(v) + 3*q(v). Let x be n(0). Let m(f) = 4*f + 2. Give m(x).
22
Suppose -4*c = 2*b - 322, -5*c + 2*b + 169 = -256. Let u = -79 + c. Suppose 4*x - 5*x = u*x. Let y(g) = -g**3 + g**2 + 11. What is y(x)?
11
Let r(w) = -9*w - 58. Suppose 100*i - 100 + 482 = -1118. Calculate r(i).
77
Let c = 0 + 7. Let p(t) = 13*t**2 - 14*t + 872. Let s(r) = 28*r**2 - 29*r + 1889. Let q(z) = 13*p(z) - 6*s(z). Determine q(c).
-5
Let i(m) = -13*m**3 - 1. Let k(c) = 20*c - 43. Let o be k(14). Let j = o - 238. Calculate i(j).
12
Let x(u) = -4*u**2 - 19 - 2*u - u**2 + 4*u**2 - u + 0*u**2. Give x(0).
-19
Let j(z) = 3*z**2 - 16*z + 72. Let u(o) = -2*o**2 + 8*o - 38. Let g(i) = -3*j(i) - 5*u(i). What is g(-10)?
-6
Let g(z) = z + 16. Let t be g(-12). Suppose -2*k + 5 = -0*v - v, 2*k = -t*v + 30. Let i(h) = -h**2 + 12*h + 5*h - v - 27*h. Determine i(-9).
4
Let k = -67 + 70. Let m(w) = -5*w + k*w + 331 + 339 - 676. What is m(-4)?
2
Suppose 27*q - 218 = 133. Let i(o) = o**3 - 14*o**2 + 14*o + 12. Calculate i